{"id":16,"date":"2017-09-15T09:21:57","date_gmt":"2017-09-15T07:21:57","guid":{"rendered":"http:\/\/www.dax-metallform.de\/V2\/?page_id=16"},"modified":"2023-03-09T18:56:41","modified_gmt":"2023-03-09T17:56:41","slug":"unternehmen","status":"publish","type":"page","link":"https:\/\/www.dax-metallform.de\/?page_id=16","title":{"rendered":"Unternehmen"},"content":{"rendered":"<div id=\"cs-content\" class=\"cs-content\"><\/div>\n","protected":false},"excerpt":{"rendered":"<p>UnternehmenDAX MetallForm ist ein leistungsstarker Partner der Investitionsg\u00fcterindustrie. Unsere Kunden finden sich in allen Sparten des Maschinenbaus sowie dem verarbeitenden Gewerbe. Schwerpunkt unserer T\u00e4tigkeit ist die Lieferung von Einzelteilen, Komponenten und Systemen aus Stahl, Edelstahl und Aluminium. Ausgangsprodukte hierzu sind Bleche, Profilstangen und Aluprofilsysteme. Die Fertigungslosgr\u00f6\u00dfe reicht von der St\u00fcckzahl eins bis zu Serien mit einigen hundert Bauteilen. Betriebsst\u00e4tteDie Arbeit, &#8230;<\/p>\n","protected":false},"author":1,"featured_media":0,"parent":0,"menu_order":0,"comment_status":"closed","ping_status":"closed","template":"template-blank-4.php","meta":{"footnotes":""},"class_list":["post-16","page","type-page","status-publish","hentry","no-post-thumbnail"],"yoast_head":"<!-- This site is optimized with the Yoast SEO plugin v26.8 - https:\/\/yoast.com\/product\/yoast-seo-wordpress\/ -->\n<title>Unternehmen - DAX MetallForm in Cochem Brauheck.<\/title>\n<meta name=\"description\" content=\"Schwerpunkt unserer T\u00e4tigkeit ist die Lieferung von Einzelteilen, Komponenten und Systemen aus Stahl, Edelstahl und Aluminium.\" \/>\n<meta name=\"robots\" content=\"index, follow, max-snippet:-1, max-image-preview:large, max-video-preview:-1\" \/>\n<link rel=\"canonical\" href=\"https:\/\/www.dax-metallform.de\/?page_id=16\" \/>\n<meta property=\"og:locale\" content=\"de_DE\" \/>\n<meta property=\"og:type\" content=\"article\" \/>\n<meta property=\"og:title\" content=\"Unternehmen - DAX MetallForm in Cochem Brauheck.\" \/>\n<meta property=\"og:description\" content=\"Schwerpunkt unserer T\u00e4tigkeit ist die Lieferung von Einzelteilen, Komponenten und Systemen aus Stahl, Edelstahl und Aluminium.\" \/>\n<meta property=\"og:url\" content=\"https:\/\/www.dax-metallform.de\/?page_id=16\" \/>\n<meta property=\"og:site_name\" content=\"DAX MetallForm GmbH &amp; Co. KG | Sonderl\u00f6sungen in Blech und Metall.\" \/>\n<meta property=\"article:modified_time\" content=\"2023-03-09T17:56:41+00:00\" \/>\n<meta name=\"twitter:card\" content=\"summary_large_image\" \/>\n<meta name=\"twitter:label1\" content=\"Gesch\u00e4tzte Lesezeit\" \/>\n\t<meta name=\"twitter:data1\" content=\"8\u00a0Minuten\" \/>\n<script type=\"application\/ld+json\" class=\"yoast-schema-graph\">{\"@context\":\"https:\/\/schema.org\",\"@graph\":[{\"@type\":\"WebPage\",\"@id\":\"https:\/\/www.dax-metallform.de\/?page_id=16\",\"url\":\"https:\/\/www.dax-metallform.de\/?page_id=16\",\"name\":\"Unternehmen - DAX MetallForm in Cochem Brauheck.\",\"isPartOf\":{\"@id\":\"https:\/\/www.dax-metallform.de\/#website\"},\"datePublished\":\"2017-09-15T07:21:57+00:00\",\"dateModified\":\"2023-03-09T17:56:41+00:00\",\"description\":\"Schwerpunkt unserer T\u00e4tigkeit ist die Lieferung von Einzelteilen, Komponenten und Systemen aus Stahl, Edelstahl und Aluminium.\",\"breadcrumb\":{\"@id\":\"https:\/\/www.dax-metallform.de\/?page_id=16#breadcrumb\"},\"inLanguage\":\"de\",\"potentialAction\":[{\"@type\":\"ReadAction\",\"target\":[\"https:\/\/www.dax-metallform.de\/?page_id=16\"]}]},{\"@type\":\"BreadcrumbList\",\"@id\":\"https:\/\/www.dax-metallform.de\/?page_id=16#breadcrumb\",\"itemListElement\":[{\"@type\":\"ListItem\",\"position\":1,\"name\":\"Startseite\",\"item\":\"https:\/\/www.dax-metallform.de\/\"},{\"@type\":\"ListItem\",\"position\":2,\"name\":\"Unternehmen\"}]},{\"@type\":\"WebSite\",\"@id\":\"https:\/\/www.dax-metallform.de\/#website\",\"url\":\"https:\/\/www.dax-metallform.de\/\",\"name\":\"DAX MetallForm GmbH &amp; Co. KG | Sonderl\u00f6sungen in Blech und Metall.\",\"description\":\"Lieferung von: Einzelteilen, Komponenten und Systemen aus Stahl, Edelstahl und Aluminium.\",\"potentialAction\":[{\"@type\":\"SearchAction\",\"target\":{\"@type\":\"EntryPoint\",\"urlTemplate\":\"https:\/\/www.dax-metallform.de\/?s={search_term_string}\"},\"query-input\":{\"@type\":\"PropertyValueSpecification\",\"valueRequired\":true,\"valueName\":\"search_term_string\"}}],\"inLanguage\":\"de\"}]}<\/script>\n<!-- \/ Yoast SEO plugin. -->","yoast_head_json":{"title":"Unternehmen - DAX MetallForm in Cochem Brauheck.","description":"Schwerpunkt unserer T\u00e4tigkeit ist die Lieferung von Einzelteilen, Komponenten und Systemen aus Stahl, Edelstahl und Aluminium.","robots":{"index":"index","follow":"follow","max-snippet":"max-snippet:-1","max-image-preview":"max-image-preview:large","max-video-preview":"max-video-preview:-1"},"canonical":"https:\/\/www.dax-metallform.de\/?page_id=16","og_locale":"de_DE","og_type":"article","og_title":"Unternehmen - DAX MetallForm in Cochem Brauheck.","og_description":"Schwerpunkt unserer T\u00e4tigkeit ist die Lieferung von Einzelteilen, Komponenten und Systemen aus Stahl, Edelstahl und Aluminium.","og_url":"https:\/\/www.dax-metallform.de\/?page_id=16","og_site_name":"DAX MetallForm GmbH &amp; Co. KG | Sonderl\u00f6sungen in Blech und Metall.","article_modified_time":"2023-03-09T17:56:41+00:00","twitter_card":"summary_large_image","twitter_misc":{"Gesch\u00e4tzte Lesezeit":"8\u00a0Minuten"},"schema":{"@context":"https:\/\/schema.org","@graph":[{"@type":"WebPage","@id":"https:\/\/www.dax-metallform.de\/?page_id=16","url":"https:\/\/www.dax-metallform.de\/?page_id=16","name":"Unternehmen - DAX MetallForm in Cochem Brauheck.","isPartOf":{"@id":"https:\/\/www.dax-metallform.de\/#website"},"datePublished":"2017-09-15T07:21:57+00:00","dateModified":"2023-03-09T17:56:41+00:00","description":"Schwerpunkt unserer T\u00e4tigkeit ist die Lieferung von Einzelteilen, Komponenten und Systemen aus Stahl, Edelstahl und Aluminium.","breadcrumb":{"@id":"https:\/\/www.dax-metallform.de\/?page_id=16#breadcrumb"},"inLanguage":"de","potentialAction":[{"@type":"ReadAction","target":["https:\/\/www.dax-metallform.de\/?page_id=16"]}]},{"@type":"BreadcrumbList","@id":"https:\/\/www.dax-metallform.de\/?page_id=16#breadcrumb","itemListElement":[{"@type":"ListItem","position":1,"name":"Startseite","item":"https:\/\/www.dax-metallform.de\/"},{"@type":"ListItem","position":2,"name":"Unternehmen"}]},{"@type":"WebSite","@id":"https:\/\/www.dax-metallform.de\/#website","url":"https:\/\/www.dax-metallform.de\/","name":"DAX MetallForm GmbH &amp; Co. KG | Sonderl\u00f6sungen in Blech und Metall.","description":"Lieferung von: Einzelteilen, Komponenten und Systemen aus Stahl, Edelstahl und Aluminium.","potentialAction":[{"@type":"SearchAction","target":{"@type":"EntryPoint","urlTemplate":"https:\/\/www.dax-metallform.de\/?s={search_term_string}"},"query-input":{"@type":"PropertyValueSpecification","valueRequired":true,"valueName":"search_term_string"}}],"inLanguage":"de"}]}},"_links":{"self":[{"href":"https:\/\/www.dax-metallform.de\/index.php?rest_route=\/wp\/v2\/pages\/16","targetHints":{"allow":["GET"]}}],"collection":[{"href":"https:\/\/www.dax-metallform.de\/index.php?rest_route=\/wp\/v2\/pages"}],"about":[{"href":"https:\/\/www.dax-metallform.de\/index.php?rest_route=\/wp\/v2\/types\/page"}],"author":[{"embeddable":true,"href":"https:\/\/www.dax-metallform.de\/index.php?rest_route=\/wp\/v2\/users\/1"}],"replies":[{"embeddable":true,"href":"https:\/\/www.dax-metallform.de\/index.php?rest_route=%2Fwp%2Fv2%2Fcomments&post=16"}],"version-history":[{"count":139,"href":"https:\/\/www.dax-metallform.de\/index.php?rest_route=\/wp\/v2\/pages\/16\/revisions"}],"predecessor-version":[{"id":998,"href":"https:\/\/www.dax-metallform.de\/index.php?rest_route=\/wp\/v2\/pages\/16\/revisions\/998"}],"wp:attachment":[{"href":"https:\/\/www.dax-metallform.de\/index.php?rest_route=%2Fwp%2Fv2%2Fmedia&parent=16"}],"curies":[{"name":"wp","href":"https:\/\/api.w.org\/{rel}","templated":true}]}}